(g).
2
Let k(f) = -6*f + 3. Let b(a) = a**2 - 2*a + 1. Let u be b(3). Suppose u*g - 2 = 5*g. Let s = 4 + g. Determine k(s).
-9
Suppose -6*h + 5 = 23. Let d(z) = -z**3 - 3*z**2 - 2. Calculate d(h).
-2
Let o(f) = -2*f**3 + 4*f**2 - f - 3. Let i(y) = -y + 4. Let u be i(1). What is o(u)?
-24
Let j be 76/16 + (-2)/(-8). Let o(w) = 3*w - 3*w + 2*w - 7 + 5. What is o(j)?
8
Suppose 7*o - 6*o + 3 = 0. Let v(p) = -7*p**3 + 3*p**2 - p - 4. Let h(f) = 4*f**3 - 2*f**2 + f + 2. Let q(y) = -5*h(y) - 3*v(y). Calculate q(o).
-10
Suppose 5*q = 5*k - 0 - 15, 4*k - 12 = -2*q. Let n(p) = -2 + 2*p + p + 4 - p**2. Determine n(k).
2
Suppose 0 = -6*m + m + 20. Suppose -2 = m*g - 5*g. Suppose -4*p + 6*x + 8 = 2*x, -g*p + 4 = -4*x. Let j(l) = -4*l. Calculate j(p).
-8
Let k = 48 + -44. Let h(l) = -l**3 + 4*l**2 - l - 1. What is h(k)?
-5
Let a be (0 - -2) + -2 + -6. Let f be 16/6 - a/(-9). Let d(p) = -11*p**2 - p + 2. Let g(s) = 16*s**2 + s - 3. Let w(t) = -7*d(t) - 5*g(t). Calculate w(f).
-7
Suppose 6 = -t + 8. Let x(r) = -2*r**3 + 2*r**2 + 3*r - 3. What is x(t)?
-5
Let g(p) be the first derivative of p**3/3 - 3*p**2/2 - 6*p - 17. Give g(5).
4
Let q = -6 + 1. Let j = -4 - q. Let f(v) = v + 2*v + 2*v. Determine f(j).
5
Suppose -5*h = -8*h + 9. Let t(i) be the third derivative of -1/60*i**5 + 1/3*i**h + 0*i + 0 + 2*i**2 + 1/8*i**4. Determine t(3).
2
Let p(w) be the third derivative of w**9/20160 + w**8/20160 - w**6/720 + w**5/30 - w**2. Let g(v) be the third derivative of p(v). Calculate g(1).
3
Let x(f) = f - 2. Let c(o) = -o**3 + 2*o**2 - 2*o + 1. Let h be (2/(-5))/(1/(-5)). Suppose 2*z + h - 4 = 0. Let t be c(z). Give x(t).
-2
Suppose 2*a - 12*a - 10 = 0. Let l(i) be the second derivative of 7*i**6/120 + i**3/6 + i**2/2 - i. Let q(s) be the first derivative of l(s). Give q(a).
-6
Let v be 24/9*(-6)/(-4). Let a(z) = -3*z**3 + 6*z**2 + 12*z - 1. Let o(s) = 2*s**3 - 6*s**2 - 11*s. Let g(r) = v*o(r) + 3*a(r). Calculate g(-5).
12
Suppose 0 = 4*a + 1 - 9. Let t(d) = -d - 1 - a*d + 11*d**3 + d. What is t(-1)?
-10
Let t(j) = -j**3 - 6*j**2 - 6*j - 2. Let x be t(-5). Suppose y + 11 = -x*o, -2*o + 3 = -5*y - 1. Let l(z) = -z**3 - 3*z**2 - 2*z. What is l(y)?
0
Let y(m) be the second derivative of m**4/6 + m**3/6 - m**2/2 - 2*m. Let g(k) = k**3 + 5*k**2 - k - 19. Let t be g(-4). What is y(t)?
2
Suppose 31 = 5*y - 14. Let v(f) = -2*f - y - 3*f + 4*f. Let s = 69 - 73. Give v(s).
-5
Let m(d) = d**3 - 5*d**2 + 5*d - 5. Let s be m(4). Let q be -1 - (0/2 - s). Let x(v) = -3*v - v**2 - 3*v**2 + 2*v**2 + 0*v**2. Calculate x(q).
-2
Let l(b) = 4*b**2 - 4*b - 4. Let j(r) = 3*r**2 - 4*r - 4. Let s(v) = 3*j(v) - 2*l(v). What is s(5)?
1
Let g(z) = -z**3 + 5*z**2 - 3*z + 1. Let l be g(4). Let o(v) = 3*v - 5 + 0 - 2*v. Determine o(l).
0
Let q(k) = 3 + 22*k**2 - 21*k**2 + k - 3. Let g be 1 + -3 + -2 + 2. Determine q(g).
2
Let v(l) = l**2 + 8*l + 4. Suppose q + 12 = 5*q. Suppose -4*k = q*r + 13, 2 = -4*k - 2. Give v(r).
-11
Let l(r) be the first derivative of -r**5/20 + r**4/4 + r**3/2 - 2*r**2 + 2*r + 4. Let f(o) be the first derivative of l(o). Determine f(4).
-8
Let q(j) = j**2 + 1. Suppose 0*a - 4*d = 4*a - 28, d - 13 = -4*a. Determine q(a).
5
Let r(m) = -9*m**2 + 4*m + 3. Let f = -1 - -3. Let q(y) = 10 + 6 + 21*y - 38*y**f - 8*y**2. Let v(k) = -2*q(k) + 11*r(k). Determine v(-1).
-8
Let c = 1 + 1. Suppose -4*s = -0*o + 3*o - 11, 9 = s + c*o. Let j be 1*s*(6 - 5). Let r(f) = 9*f**3 - 1. What is r(j)?
-10
Let y be (-21)/2*2/(-3). Let o(m) = -5*m - 3*m + y*m. Give o(1).
-1
Let s = -14 + 16. Let p(q) = -6*q + 0*q**2 + 0*q**s + 0*q**3 - 1 + 6*q**2 - q**3. Determine p(5).
-6
Suppose v - 3*f - 5 = 0, -4*v = -6*v + 3*f + 22. Let t = -9 + v. Let a = 6 - t. Let n(u) = -2*u**2 - u - 2. Give n(a).
-8
Suppose -l = 2*l - 6. Let w(j) be the first derivative of -j**4/12 + j**2/2 + 2*j + 2. Let n(q) be the first derivative of w(q). Calculate n(l).
-3
Let g(x) = 5*x - 3*x + 4 - 5*x + 4*x. What is g(4)?
8
Let y(p) = p**3 + 3*p**2 - p - 1. Let w be y(-3). Suppose -w*c - 5*m = -28, 3*c + 2*m + 0*m - 20 = 0. Let d(r) = -4 - r + c + 3. Give d(5).
-2
Suppose -x = 2*x. Let m(c) = 5*c**2 - 6 + 3*c + 2*c + 0*c + c. Let z(y) = -6*y**2 - 7*y + 6. Let i(w) = 7*m(w) + 6*z(w). Give i(x).
-6
Suppose 2*c - 27 = -3. Suppose 3*z - 1 = n + 7, n - 4*z + c = 0. Suppose 6 = 3*w - n*w. Let i(u) = -u**3 - 6*u**2 - u - 4. Determine i(w).
2
Let m(v) be the third derivative of v**6/120 + v**5/15 + v**4/4 + v**3/3 + 14*v**2. What is m(-4)?
-22
Let d(v) = -v**3 - 4*v**2 + 2*v + 4. Suppose 3*o - 4*z - 3 = -7*z, -4*o - z - 5 = 0. Let i be (-1 - -11)*o/5. Give d(i).
-4
Let k(c) = -c**2 + c - 1. Let i be k(-3). Let g = i - -8. Let a(l) = l**2 + 4*l + 1. What is a(g)?
6
Let a(k) = k + 4. Let p(g) be the second derivative of -g**4/12 + 4*g**3/3 - 5*g**2 - g. Let v be p(7). Give a(v).
1
Let i(c) = c**2 - 8*c + 3. Suppose -4*h - d + 28 = -2*d, 16 = 4*h + 2*d. Give i(h).
-9
Suppose -6 - 1 = -7*b. Let i(w) = 3*w**2 + 2*w - 1. Determine i(b).
4
Let q(m) = m - 5. Let a = 5 + -4. Let s(b) = 4*b**3 + b**2. Let g be s(a). Calculate q(g).
0
Let j(g) = -g**3 - 4*g**2 + 6*g + 5. Let m be 1/(-4) + 323/(-68). What is j(m)?
0
Let m(f) = -5*f + 1. Let a(w) = w**2 - 14*w - 1. Let n be a(14). Determine m(n).
6
Let x(b) = b - 3. Let m(g) = g**3 - 4 + 2 + 8 - 13*g**2 + 12*g + 0*g**3. Let o be m(12). Determine x(o).
3
Let q = 1 + 4. Suppose q = 4*u + 1. Let z(t) = t + t - 2*t**2 + 3*t**3 + 0 - 1. Determine z(u).
2
Let g(x) be the first derivative of x**3/3 + x**2 + 3*x + 1. Let l(s) = -s**3 - 5*s**2 - 3*s + 1. Let f be l(-4). Calculate g(f).
6
Let z(i) = 2*i + 11. Let n(m) = -m - 6. Let k(g) = -11*n(g) - 6*z(g). Suppose 2*q - 4 = 3*b, -b = -2*b - q + 7. Let f = -3 + b. Determine k(f).
1
Let h(j) = -j**3 - 2*j**2 - 2*j. Let g be (8/10)/((-8)/20). What is h(g)?
4
Let m(b) be the first derivative of b**2 + b + 9. Give m(2).
5
Let n(w) be the second derivative of w**3/3 + 3*w**2/2 - 4*w. Let a be n(-2). Let q(u) be the second derivative of -u**5/20 - u**2/2 + u. Give q(a).
0
Let d(i) be the first derivative of 3 + 0*i**5 - 1/24*i**4 + 0*i**2 + 0*i + 1/40*i**6 - 1/3*i**3. Let f(g) be the third derivative of d(g). Determine f(-1).
8
Suppose -4 = -53*m + 57*m. Let w(g) be the third derivative of g**6/30 + g**5/30 + g**4/12 + g**3/6 - g**2. Determine w(m).
-3
Let g(i) = -i. Suppose 2*o + 6 = -0. Let a be g(o). Let s(h) = 5 + a*h - h**2 - 3 + 2*h. Calculate s(4).
6
Suppose 5*g - 3*g = 3*n + 9, -26 = -5*g + 4*n. Let d = -5 + g. Let x(y) = 2*y**2 - 1. Determine x(d).
1
Let a(f) be the first derivative of f**4/4 + 5*f**3/3 + 2*f**2 + f - 1. Suppose -86*l - 8 = -84*l. What is a(l)?
1
Let c(s) = s**3 + 4*s**2 - 3*s - 3. Let l(g) = 4*g + 8. Let r be l(-3). Give c(r).
9
Let i(k) = 3*k + 6 + k + k - 4*k + k**2. Let a(x) = -x - 2. Let l be a(-5). Suppose f - 15 = -l*w + 4*f, -f - 5 = 3*w. What is i(w)?
6
Let j be 1/(-3) - (-8)/(-12). Let s be (10/(-6) - j)*-42. Let f(i) = -3 + 2 - s*i + 2 + 26*i. Determine f(4).
-7
Let g(l) = 2*l**3 + 2*l**2 + 2. Let k(p) = -3*p**3 - 2*p**2 - p - 2. Let i(w) = -5*g(w) - 4*k(w). Determine i(2).
14
Let w be 0/(-4 + 2 + 1). Let u(x) = -6 - 3*x**3 + w*x + 0*x + 4*x**2 - 7*x + 4*x**3. Calculate u(-5).
4
Let m(y) = -y**3 - y**2 + 3*y - 2. Let l be 9/(-5) + (-2)/10. Let k be (3/l)/(-3)*0. Suppose k = -2*d - 2*d + 8. Determine m(d).
-8
Let s(f) = 9*f**2 + 13 + 8*f + f**3 - f**2 - 19*f**2. Calculate s(10).
-7
Let v(l) = -l - 3. Let f be (8/6)/((-1)/(-6)). Suppose 0 = -0*c - 2*c - f. What is v(c)?
1
Let a(k) = k**2 - 5*k + 3. Suppose -c + 7 = -0*c. Suppose -3*f = -5*u + 65, 0*f = 2*u - 5*f - 45. Let d = u - c. Give a(d).
-3
Suppose 7*b = 2*b + 20. Suppose -b = 4*w - 3*w. Let a(x) = 2*x**2 + 6*x - 13. Let n(d) = d**2 + 3*d - 6. Let t(i) = 4*a(i) - 9*n(i). Calculate t(w).
-2
Let o(j) = 2*j**2 - 8*j + 2. Let i(v) = 5*v**2 - 23*v + 5. Let t(w) = -3*i(w) + 8*o(w). What is t(-4)?
-3
Let j be ((-2)/2)/(11/(-55)). Let o(a) = -a**3 + 4*a**2 + 4*a - 1. Determine o(j).
-6
Suppose 0*b + b - 2 = 3*d, b + d - 2 = 0. Suppose 3*j = -b*j - 15. Let q(m) = m**2 - m + 2*m + m**3 - 2 + 3*m**2. Determine q(j).
4
Let y(a) = 12 + a - 7 + 0*a. Calculate y(-4).
1
Suppose -5*v = 4*u - 10, 3*v + 1 = 4*u - 5*u. Let b be -7 - (v - 0/2). Let l = 6 + b. Let m(w) = -4*w**2 - 2*w + 1. Give 